-b = -2*k + 3*k - 72. Let r = -39 + b. What is the units digit of r?
8
Let k(o) = 300*o**3 - 7*o**2 + 8*o - 49. What is the tens digit of k(5)?
1
Suppose -91227 - 51672 + 17667 = -24*d. What is the thousands digit of d?
5
Suppose 4*j + 0*j = f + 7, -3*f = -3*j + 12. What is the hundreds digit of 1*f*214/(-8)*4?
3
Suppose -2*d + 6*d = -5*f + 83470, 2*f - 2*d - 33406 = 0. What is the ten thousands digit of f?
1
Let w be (-1894)/(-10) - (-21)/35. Let q = 345 - 233. Let o = w - q. What is the tens digit of o?
7
Let s be (-27)/(-45) - (-1114)/10. Suppose -i - 5*x = -16, -4*i + i + x = -s. What is the units digit of i/(-42)*(-27 + -1)?
4
Let l(r) = 46*r**3 - 3*r**2 + 8*r - 4. Let f be l(3). Suppose 5*d + 15 = 0, -8*j + f = -6*j - 3*d. What is the tens digit of j?
1
Suppose 0 = -3*l + 3*u - 402, 0 = -0*l - 3*l - 3*u - 384. Let h be (((-21)/7)/(-3))/((-1)/l). Suppose -30 + h = g. What is the hundreds digit of g?
1
Let i(g) = 23*g**2 + 433*g + 115. What is the hundreds digit of i(20)?
9
Let u = 3802 + -2810. What is the hundreds digit of u?
9
Suppose 10 = 2*h + 8. Let g = -256 + 468. Suppose g = t + i, h + 3 = i. What is the hundreds digit of t?
2
Let w(c) = 18*c**2 + 32*c + 13. Let j be w(-8). Let p = -347 + j. What is the units digit of p?
2
Suppose 32*c = 40040 - 9128. What is the tens digit of c?
6
Suppose -4*z + 5*t = -16137, -5*t + 272 = 297. What is the tens digit of z?
2
Suppose -6*f = 15 + 27. Let g(m) = 5*m**2 - 3*m + 37. Let p(h) = 8*h**2 - 4*h + 56. Let d(c) = f*g(c) + 5*p(c). What is the units digit of d(5)?
1
Suppose -10 + 105 = 19*s. Suppose -s*l = -3*d - 105 - 980, -651 = -3*l + 3*d. What is the tens digit of l?
1
Suppose -2*x - 11 = -3*x. Suppose -2*v = -4*u + u + 26, -8 = 2*v. Suppose -x*k = -u*k - 145. What is the units digit of k?
9
Let r(g) = 70*g**2 + 13*g - 231. What is the hundreds digit of r(-9)?
3
Let p be (-27 - -32)*((1 - 1) + -2). What is the units digit of 263/2 - 9/(-180)*p?
1
Let z be ((-12)/(-48))/(1/8). Suppose -z*u + 3*p + 6 - 4 = 0, -3*u - 4*p + 20 = 0. Suppose u*s - 332 = 5*n, -444 = -8*s + 3*s - n. What is the units digit of s?
8
Let q be 1 + (-3 - 0) + -675 + 0. Let l = q + 1115. What is the hundreds digit of l?
4
Suppose 5*m - 30 = -2*x, 3*m - 5 = 7. Suppose -3*z = -x*z + 396. Suppose -5*l + 382 = 5*n - n, 2*n - z = l. What is the tens digit of n?
9
Let k be 1 + 402 + 48/(-8). Suppose -3*d + 158 = -k. What is the units digit of d?
5
Suppose 583788 = 494*t - 467*t - 42639. What is the units digit of t?
1
Let a(r) = r - 21. Let t be a(10). Let o = t + 2. What is the tens digit of (-332)/4*(2 - o/(-3))?
8
Suppose -6*i + 3*i + 8*v = 63, -3*v = -5*i - 43. Let p(z) be the third derivative of z**5/60 - 5*z**4/6 + 2*z**3 + z**2. What is the tens digit of p(i)?
3
Let h(y) = 21*y**2 + 16*y**2 - 165 - 15*y - 36*y**2. What is the units digit of h(35)?
5
What is the tens digit of (-16 + -10 + 30)*2493?
7
Let a = 7773 - 2369. What is the units digit of a?
4
Let z = 352 - 343. Suppose -2668 = -z*u - 364. What is the hundreds digit of u?
2
Suppose -28*o = -3139 - 8733 - 784. What is the units digit of o?
2
Let b = 9 + -6. Let p(d) = -22 - 5*d - 1 + 0*d + 10*d + 5*d. What is the units digit of p(b)?
7
Suppose 0 = -2*t + 6, 2*v + 0*v + 2*t = 16. Let u(c) = c**3 + 3*c**2 - 3*c + 18. What is the hundreds digit of u(v)?
2
Let u(o) = -o**2 - 3*o + 4. Let n be u(3). Let b = 92 + n. Let l = 15 + b. What is the units digit of l?
3
Let r(h) = 2*h**2 + 6*h + 2. Suppose 6*t + 13 = -5. Let m be r(t). Suppose m*w + 49 - 409 = 0. What is the hundreds digit of w?
1
Suppose 0*r + 4 = r. Suppose -r*v = 4*u - u + 8, -5*u = v - 15. Suppose -u*w = 8*w - 1284. What is the tens digit of w?
0
Suppose 19658 = -27*v + 197426. What is the hundreds digit of v?
5
Suppose 7*y + 233 + 439 = 0. What is the hundreds digit of y/(-6)*(-427)/(-28)?
2
Suppose -77 = 4*f - 77. Suppose 12*r + f*r = 48. What is the units digit of (2 + r + 161)/1?
7
Suppose 0 = -38*n + 34*n - 160. Let y = -33 - n. Suppose y = x - 27. What is the tens digit of x?
3
Suppose 0 = -2*p - 4*h + 2, -4*p + 4*h = -2*p - 18. Suppose 0 = -2*n - p*x + 221, n - 7 = 5*x + 141. Let u = n - 75. What is the tens digit of u?
4
Let y(r) = 85*r - 27. Suppose 4*w + 0*w = 4*j - 16, -2*j + 4*w + 12 = 0. What is the tens digit of y(j)?
4
Suppose 0 = -9*i + 7*i + 3*a + 6308, 0 = 3*i + 2*a - 9475. Let t = -1393 + i. What is the tens digit of t?
6
Suppose -33 - 7 = -4*m. Suppose 0 = 20*c - 21*c + m. Suppose -c*g = -11*g + 111. What is the tens digit of g?
1
Let k(p) = -156*p**3 - 2*p**2 - 4*p - 2. Let l be k(-2). Suppose 3*d + h = -3*h + l, 3*d - 5*h - 1237 = 0. What is the tens digit of d?
1
Let k = 332 + -131. Suppose 5*f - 4*m - k = 0, -2*m - 18 - 21 = -f. What is the tens digit of f?
4
Suppose -r = -2*b + 3, -8 = -2*b - 2*r - 2. Let w(h) = 2 + 11*h**b - 2*h**2 - 7*h**2 + h**2 - 2*h. What is the tens digit of w(4)?
4
What is the tens digit of ((1 - -1)*(-63)/(-14))/((-33)/(-13178))?
9
Let i be -2*(-1 + 1/(-2)). Suppose 217 = 2*p + t, -5*t + 349 = i*p + 27. Let a = 216 - p. What is the hundreds digit of a?
1
Suppose 5*b + 6 - 46 = -3*z, -2*z + b + 18 = 0. Suppose z*i = 1313 + 1207. What is the hundreds digit of i?
2
Let v = 4886 - 4781. What is the hundreds digit of v?
1
Let w be ((-6)/(-4))/((-1)/(-14)). Let f(u) = u**3 - 30*u**2 + 262*u + 1. What is the tens digit of f(w)?
3
Suppose -2*g = -5*g, 2*z = -4*g + 36. Suppose z*c - 26*c + 2936 = 0. What is the hundreds digit of c?
3
Let a = 1275 + -758. Suppose 3*q - 99 + 1163 = -5*p, -3*q = -4*p + 1028. Let v = a + q. What is the tens digit of v?
6
Suppose -5 = -3*t - 8. Let m be (t/2)/(7/2 + -3). What is the hundreds digit of ((-1952)/6)/(-2) - m/3?
1
What is the tens digit of (9 - ((-8)/24)/1)/((-8)/(-12084))?
9
Suppose -5*c = -2*z + 11064, -z = 162*c - 165*c - 5528. What is the tens digit of z?
5
Let g = 618 + -323. Let r(f) = -f**2 + 3*f + 3. Let q be r(-9). Let a = q + g. What is the tens digit of a?
9
Let y(o) = 11*o + 286. Let r = -175 - -214. What is the hundreds digit of y(r)?
7
Let j = -122013 + 196781. What is the thousands digit of j?
4
Let w = -2 + 20. Suppose 0*n - 6*n + w = 0. Suppose -3*o = -5*t - 271, o + n*t - 117 = -2*t. What is the tens digit of o?
9
Let v(c) = c**2 + 18*c - 88. Let o be v(-22). Suppose -2*z = 4*i - 1068, z + o*i - 506 = 5*i. What is the hundreds digit of z?
5
Suppose 91*m + 37849 = 958678. What is the units digit of m?
9
Let h(s) = 4*s**2 - 25*s + 116. Suppose 18*v - 71 - 145 = 0. What is the units digit of h(v)?
2
Let y be 6/1*(-27 - 1). Let p = -1891 - -1783. Let l = p - y. What is the units digit of l?
0
Let w = 5082 + -357. What is the tens digit of w?
2
Suppose -8*q + 22 + 58 = 0. Let l = -6 + q. Suppose 5*n - 2*n - 5*u - 298 = 0, 4*n - l*u = 408. What is the units digit of n?
6
Let d(h) = 37*h - 3. Let v = -100 + 100. Suppose -3*r + 186 - 177 = v. What is the tens digit of d(r)?
0
Let g = 1 + 1. Let w be (-14 + (-435)/(-30))*452. What is the hundreds digit of w/2*(-1 + g)?
1
Suppose 0 = 9*m - 7*m - 3*j - 61692, 30861 = m + j. What is the ten thousands digit of m?
3
Let s(m) = -m + 12. Let c be 96/24 - (-9 + 1). Let i be s(c). Suppose -6*b + 438 = -i*b. What is the units digit of b?
3
Suppose 2*n = 0, 62698 + 13541 = 3*p + 3*n - n. What is the thousands digit of p?
5
Suppose 4*h - 8*u + 7*u - 18 = 0, 0 = 2*h - 5*u. Suppose h*m + 18 + 992 = 0. Let l = m - -361. What is the units digit of l?
9
Let y be (-5)/25 - 612/(-10). Suppose 2*r = 3*w - 4*w + y, 0 = -5*r - 2*w + 154. Suppose r = 3*c - 7. What is the tens digit of c?
1
Suppose 0 = 5*a - 3*p - 420, 3*p - 2*p + 84 = a. Suppose a + 864 = 4*h. What is the units digit of h?
7
Let o(f) = 10*f**2 - 59*f - 17. Let j be o(18). Let w = j + -732. What is the hundreds digit of w?
4
Suppose -2*i = u - 8600, 596*i = -4*u + 599*i + 34444. What is the thousands digit of u?
8
Let n = 17 - 1. Let q be ((-356)/n)/(5/(-20)). Suppose -5*j - q = -414. What is the units digit of j?
5
What is the units digit of (10 - 349310/(-80)) + (51/(-8) - -6)?
6
Suppose 14*s = 2*s - 3348. Let m = -260 - s. What is the tens digit of m?
1
Let v(o) = -o**2 + 10*o + 21. Let p(f) = f**2 - 3*f + 4. Let h be p(4). Let j be v(h). Suppose 218 = 5*a - j. What is the units digit of a?
1
Let c = 65 + -68. Let a